{"id":26857,"date":"2023-08-10T21:36:05","date_gmt":"2023-08-11T00:36:05","guid":{"rendered":"https:\/\/carmenmalagueno.cl\/?page_id=26857"},"modified":"2023-11-22T19:44:57","modified_gmt":"2023-11-22T23:44:57","slug":"tasaciones","status":"publish","type":"page","link":"https:\/\/carmenmalagueno.cl\/index.php\/tasaciones\/","title":{"rendered":"Tasaciones"},"content":{"rendered":"\t\t<div data-elementor-type=\"wp-page\" data-elementor-id=\"26857\" class=\"elementor elementor-26857\">\n\t\t\t\t\t\t<section class=\"elementor-section elementor-top-section elementor-element elementor-element-a029ec8 elementor-section-boxed elementor-section-height-default elementor-section-height-default\" data-id=\"a029ec8\" data-element_type=\"section\">\n\t\t\t\t\t\t<div class=\"elementor-container elementor-column-gap-default\">\n\t\t\t\t\t<div class=\"elementor-column elementor-col-100 elementor-top-column elementor-element elementor-element-9ebf9ed\" data-id=\"9ebf9ed\" data-element_type=\"column\">\n\t\t\t<div class=\"elementor-widget-wrap elementor-element-populated\">\n\t\t\t\t\t\t<div class=\"elementor-element elementor-element-432dea1 elementor-widget elementor-widget-text-editor\" data-id=\"432dea1\" data-element_type=\"widget\" data-widget_type=\"text-editor.default\">\n\t\t\t\t<div class=\"elementor-widget-container\">\n\t\t\t\t\t\t\t\t\t<div style=\"text-align: justify\">\n<p>Muchas veces los clientes aplican\u00a0 un valor sentimental a las propiedades, el que no puede ser agregado al precio de venta, por lo tanto Carmen Malague\u00f1o Corretajes\u00a0 les ofrece un eficiente servicio de tasaci\u00f3n\u00a0 de sus propiedades, indic\u00e1ndoles el valor real de \u00e9stas.<\/p>\n\n<p>En otros casos, por desconocimiento de las caracter\u00edsticas de construcci\u00f3n, de los valores de mercado\u00a0 o de la plusval\u00eda del sector estas propiedades pueden estar\u00a0 bajo el valor real o sobrevaloradas, dependiendo de la situaci\u00f3n, en cuyos casos Malague\u00f1o Corretajes, le asesora para que el valor de compra, venta o arriendo de su propiedad sea\u00a0 el justo precio dentro del mercado inmobiliario.<\/p>\n<p>El tiempo de espera para vender o arrendar su propiedad se lo dar\u00e1 el precio justo que Ud.\u00a0 ponga a su propiedad\nMalague\u00f1o Corretajes cuenta con profesionales capacitados para\u00a0 realizar tasaciones comerciales, entregando un informe completo que incluye valor de la propiedad, caracter\u00edsticas de uso de destino, informaci\u00f3n de la relaci\u00f3n barrio\/plusval\u00eda y dem\u00e1s factores que puedan influir en el valor del bien raiz.<\/p>\n\n<p>En el momento que ha tomado la decisi\u00f3n de comprar, vender o\u00a0 arrendar una propiedad, Malague\u00f1o Corretajes le brinda a todos nuestros clientes una total asesoria, ya sea en la parte legal, comercial o financiera, como tambi\u00e9n facilit\u00e1ndoles el financiamiento a trav\u00e9s de distintas entidades bancarias o aseguradora, con convenios y tasas preferenciales en la tramitaci\u00f3n de su cr\u00e9dito hipotecario, facilit\u00e1ndole de esta manera la compra y\/ o venta de su propiedad.<\/p>\n\n<p>Para atenderlos\u00a0 en nuestras oficinas contamos con un\u00a0<strong>horario de Lunes a Viernes<\/strong>\u00a0que le permitir\u00e1 aprovechar mejor su tiempo y el de su familia.<\/p>\n<p>Adem\u00e1s a trav\u00e9s de nuestra p\u00e1gina\u00a0 web\u00a0 podremos estar en contacto con nuestros clientes\u00a0 las 24 \u00a0horas del d\u00eda.<\/p>\n<\/div>\t\t\t\t\t\t\t\t<\/div>\n\t\t\t\t<\/div>\n\t\t\t\t\t<\/div>\n\t\t<\/div>\n\t\t\t\t\t<\/div>\n\t\t<\/section>\n\t\t\t\t<section class=\"elementor-section elementor-top-section elementor-element elementor-element-ceee0cb elementor-section-boxed elementor-section-height-default elementor-section-height-default\" data-id=\"ceee0cb\" data-element_type=\"section\">\n\t\t\t\t\t\t<div class=\"elementor-container elementor-column-gap-default\">\n\t\t\t\t\t<div class=\"elementor-column elementor-col-100 elementor-top-column elementor-element elementor-element-610f81d\" data-id=\"610f81d\" data-element_type=\"column\">\n\t\t\t<div class=\"elementor-widget-wrap elementor-element-populated\">\n\t\t\t\t\t\t<div class=\"elementor-element elementor-element-48b3de5 elementor-widget__width-initial elementor-widget-widescreen__width-initial elementor-widget elementor-widget-thim-ekits-button\" data-id=\"48b3de5\" data-element_type=\"widget\" data-widget_type=\"thim-ekits-button.default\">\n\t\t\t\t<div class=\"elementor-widget-container\">\n\t\t\t\t\t\n\t\t<div class=\"thim-ekits-button\">\n\t\t\t<a href=\"https:\/\/carmenmalagueno.cl\/index.php\/contact-us\/\" target=\"_blank\" rel=\"nofollow\" role=\"button\">\n\t\t\t\t<span class=\"button-content-wrapper\">\n\t\t\t\t\t<i aria-hidden=\"true\" class=\"icon-align-right tk tk-arrow-right\"><\/i>Cont\u00e1ctanos\t\t\t\t<\/span>\n\t\t\t<\/a>\n\t\t<\/div>\n\n\t\t\t\t\t\t<\/div>\n\t\t\t\t<\/div>\n\t\t\t\t\t<\/div>\n\t\t<\/div>\n\t\t\t\t\t<\/div>\n\t\t<\/section>\n\t\t\t\t<\/div>\n\t\t","protected":false},"excerpt":{"rendered":"<p>Muchas veces los clientes aplican\u00a0 un valor sentimental a las propiedades, el que no puede ser agregado al precio de venta, por lo tanto Carmen Malague\u00f1o Corretajes\u00a0 les ofrece un eficiente servicio de tasaci\u00f3n\u00a0 de sus propiedades, indic\u00e1ndoles el valor [&hellip;]<\/p>\n","protected":false},"author":1,"featured_media":0,"parent":0,"menu_order":0,"comment_status":"closed","ping_status":"closed","template":"","meta":{"footnotes":""},"class_list":["post-26857","page","type-page","status-publish","hentry"],"_links":{"self":[{"href":"https:\/\/carmenmalagueno.cl\/index.php\/wp-json\/wp\/v2\/pages\/26857","targetHints":{"allow":["GET"]}}],"collection":[{"href":"https:\/\/carmenmalagueno.cl\/index.php\/wp-json\/wp\/v2\/pages"}],"about":[{"href":"https:\/\/carmenmalagueno.cl\/index.php\/wp-json\/wp\/v2\/types\/page"}],"author":[{"embeddable":true,"href":"https:\/\/carmenmalagueno.cl\/index.php\/wp-json\/wp\/v2\/users\/1"}],"replies":[{"embeddable":true,"href":"https:\/\/carmenmalagueno.cl\/index.php\/wp-json\/wp\/v2\/comments?post=26857"}],"version-history":[{"count":10,"href":"https:\/\/carmenmalagueno.cl\/index.php\/wp-json\/wp\/v2\/pages\/26857\/revisions"}],"predecessor-version":[{"id":27124,"href":"https:\/\/carmenmalagueno.cl\/index.php\/wp-json\/wp\/v2\/pages\/26857\/revisions\/27124"}],"wp:attachment":[{"href":"https:\/\/carmenmalagueno.cl\/index.php\/wp-json\/wp\/v2\/media?parent=26857"}],"curies":[{"name":"wp","href":"https:\/\/api.w.org\/{rel}","templated":true}]}}